304 + 56 = 6*c. Suppose -2*k + c - 24 = 0. Calculate the highest common factor of 2 and k.
2
Let c(v) = 2*v - 13. Let x be c(7). Suppose -5*j = -4*p + 19, -4*j - x + 5 = 0. Calculate the highest common divisor of 42 and p.
6
Let l = 195 + -35. Let a(j) = -j**3 - 12*j**2 - 24*j - 20. Let r be a(-10). Calculate the highest common factor of l and r.
20
Suppose -32 = -15*u + 7*u. Suppose 16 = 4*h - 0*h. Calculate the greatest common factor of u and h.
4
Let t(i) = 15*i - 109. Let z be t(9). Calculate the highest common factor of 182 and z.
26
Suppose -17 = 5*z - 72. Calculate the highest common factor of z and 407.
11
Suppose 0 = 5*d + 4*p - 284, -4*d + p = 6*p - 229. Calculate the greatest common divisor of 42 and d.
14
Let s(o) = -o**2 - 20*o - 8. Let k be s(-18). Suppose -4*p + 4*x + k = 0, -4*p + 5 = -3*p - 2*x. What is the highest common factor of p and 63?
9
Suppose 0 = -4*k + 8*k - 96. Suppose -h + k - 23 = 0. Let y be (2/(-4))/(4/(-72)). What is the greatest common divisor of h and y?
1
Let g(o) = -o**3 - 14*o**2 + 26*o - 81. Let v be g(-16). Let b = 9 - 4. Calculate the greatest common factor of v and b.
5
Suppose -4*y = -b + 21, -3 = -2*y + 3*y. Suppose 0*a - 7 = -d - 4*a, 2*a - 44 = -2*d. Calculate the greatest common divisor of b and d.
9
Let l be (-563)/(-3) - -5 - 4/6. Calculate the highest common divisor of l and 6.
6
Suppose -4*q + 108 = 4*x, 0*x + 5*x - 2*q - 163 = 0. What is the highest common divisor of 713 and x?
31
Let b be ((-8)/(-10))/((-14)/(-805)) + 1. Calculate the highest common factor of b and 1081.
47
Suppose 0 = 5*y + d - 6, -20 + 15 = -y - 4*d. What is the greatest common divisor of y and 10?
1
Let i = -106 + 526. What is the greatest common divisor of 540 and i?
60
Let l be -3 + 1 - (-6)/1. Let x = 9 - l. Suppose -x*w = -2*w - 21. Calculate the highest common divisor of w and 1.
1
Suppose a - 4*m = 26, 0 = 5*m - 7*m - 2. Let q = -22 + a. Suppose q = -s + 7 + 5. What is the highest common divisor of s and 96?
12
Let v = 101 + -93. Let k be ((-24)/1)/((-48)/256). What is the highest common factor of v and k?
8
Let b = 731 - 705. Calculate the greatest common divisor of 65 and b.
13
Let p = 182 - 166. What is the greatest common divisor of p and 24?
8
Let w(o) = -o**3 - 13*o**2 - 24*o + 17. Let g be w(-11). What is the highest common factor of 52 and g?
13
Suppose -2*v = 1098 - 1186. Calculate the highest common divisor of 748 and v.
44
Let n(p) be the third derivative of p**6/60 - p**5/60 + p**4/6 - p**3/2 + 20*p**2. Let a be n(3). Calculate the highest common divisor of a and 6.
6
Suppose -5*y + 264 = 10*f - 16*f, -2*y + 108 = -3*f. What is the greatest common factor of y and 64?
16
Let o = -374 - -662. Suppose 0 = -d - 0*d + o. Suppose 0 = 2*i - 6*i + d. Calculate the greatest common factor of i and 8.
8
Let i(r) = 2*r**2 - 2*r. Let w be i(3). Suppose 6*l = 160 + 56. What is the greatest common factor of w and l?
12
Let o(j) = -j**3 - 15*j**2 + 15*j - 9. Suppose -53 = 3*r - l, -5*r - 2*l = -l + 75. Let g be o(r). Calculate the highest common divisor of g and 35.
7
Let s(a) = 5 + 4*a + 0*a**2 + a + a**2. Let t be s(-4). What is the highest common divisor of 3 and t?
1
Let a = 74 + -72. Let i be a/4*662 + -3. What is the highest common divisor of 41 and i?
41
Let f be (1 - (-1 + 1)) + 5. Let r(g) = g + 1. Let y(p) = -16*p - 8. Let m(w) = -16*r(w) - 2*y(w). Let v be m(3). What is the highest common divisor of v and f?
6
Let y(p) = 6*p**3 + p**2 + 4*p - 2. Suppose 9*n + 5 = 41. Let o be y(n). What is the greatest common divisor of 46 and o?
46
Let m(l) = 2*l - 1. Let o be m(3). Suppose -10 = -o*w + t, 4 = -3*w + t + 12. Calculate the greatest common divisor of w and 3.
1
Let r be (-67 + -3)/((-1)/2). Let j be -2 - (-130)/(-4)*r/(-25). What is the greatest common factor of j and 36?
36
Let q(n) = 5*n**2 + 15*n - 8. Let x be q(2). Suppose 3*i + b = 83, 3*b + 59 = i + i. What is the greatest common divisor of i and x?
14
Let r be (-12 + -186)/(-1*2/2). What is the greatest common factor of r and 18?
18
Suppose -334 = -w + 205. Calculate the greatest common factor of w and 44.
11
Let j(r) = 27*r + 1. Let i be j(1). Let s = -16 + 21. Suppose 3*t - 2*m = 9 + 33, -t - s*m = -14. Calculate the greatest common divisor of t and i.
14
Let b be (-1)/(-14)*-2 + 1262/14. What is the greatest common divisor of 54 and b?
18
Let u(h) = h**3 + 13*h**2 + 36*h + 8. Let s be u(-9). Calculate the highest common divisor of s and 1048.
8
Suppose 4*x + 5*b - 159 = 0, -3*b + 26 + 55 = 2*x. Suppose -5*a + 22 = 3*g, -3*a - a + 8 = 0. Calculate the greatest common factor of x and g.
4
Let y be 8/((-6)/(-3)) - 2. Suppose y*n - 4 = -0. Let g be 7/(-3)*(-6)/n. Calculate the highest common divisor of g and 77.
7
Let t be 54/(-6) + 5 + (-11 - -415). Calculate the greatest common factor of 60 and t.
20
Suppose 0 = -28*s + 6270 - 810. Calculate the highest common factor of 15 and s.
15
Let i be -5*(3 - (-12)/20). Let f be (-2046)/(-27) + (-4)/i. Suppose 3*j + j + f = 4*n, 5*j + 5 = 0. What is the greatest common factor of n and 18?
18
Let i = 228 - 206. What is the highest common factor of 946 and i?
22
Let o(u) = -u**3 - 2*u**2 + 5*u + 4. Let i be o(-3). Let z = -12 - -8. Let n be (-1 - -4) + z/i. What is the greatest common divisor of 1 and n?
1
Let v(u) = 15*u + 4. Let b(o) = o - 4. Let y be b(6). Let j be v(y). Let i = j - 16. Calculate the greatest common factor of 2 and i.
2
Let w(b) = b**2 + 11*b - 8. Let r be w(-11). Let x be (1 - 3)*(-4)/r - -11. What is the greatest common factor of x and 170?
10
Let k be 222/27 + 2/(-9). Suppose -2*x - k = 0, 0*x = -2*c - 5*x + 6. Calculate the greatest common factor of 52 and c.
13
Let p(b) be the first derivative of 2 - 4*b - 39/2*b**2. Let r be p(-4). Calculate the greatest common factor of 19 and r.
19
Let v = -801 - -1207. Calculate the highest common factor of v and 58.
58
Let p = 29 - 5. Let c(r) = 24*r**2 - 11*r + 11. Let f be c(1). Calculate the highest common divisor of p and f.
24
Suppose -2*h = -0*m - 2*m + 82, 127 = 3*m + h. What is the highest common factor of 1722 and m?
42
Suppose -30*j = -2453 - 3067. Calculate the highest common divisor of j and 46.
46
Suppose 0 = -222*h + 219*h + 75. Let c be -1 - (-3)/((-6)/(-22)). What is the highest common factor of h and c?
5
Let o = -68 - -593. What is the highest common factor of o and 35?
35
Let t = 25 - 20. Suppose -t = -5*i, 0*r - 3*r + 5*i + 85 = 0. Suppose 0 = 2*z - 4 - 8. What is the greatest common divisor of r and z?
6
Suppose -3*o + 6 = 0, -3*x - 19*o + 41 = -15*o. What is the greatest common factor of 143 and x?
11
Suppose 33*d = 4*d + 3857. What is the highest common divisor of 14 and d?
7
Suppose i + 5 = -3*r - 3, -16 = i + 5*r. Suppose -i*d + 6*d = 2. Let s be (d - -2) + 3 - 1. What is the greatest common factor of 2 and s?
1
Suppose 5*l - 54 = 3*l. What is the greatest common divisor of 6 and l?
3
Let a(z) = -z + 9. Let p be a(-4). Suppose 0 = -3*m - 0*m - 240. Let k = 197 + m. Calculate the greatest common factor of k and p.
13
Let v be (-1 + -41)*9/18. Let c = 89 + -40. Let r be 7/v + c/3. Calculate the greatest common divisor of 16 and r.
16
Suppose -11*c - 10 = -16*c. Suppose 16 = z + 3*y, -c*z + 4*y + 48 = 2*z. Let a be (-237)/(-6) - 2/4. Calculate the greatest common divisor of a and z.
13
Suppose 598 = 17*x - 14. What is the greatest common divisor of x and 1116?
36
Let n = 0 - -2. Suppose 3*d = -5*r + 43 + n, 2*d = 0. Suppose 0 = -j - 4*w + 70 - 14, 4*w + 88 = j. What is the greatest common divisor of j and r?
9
Let z be ((-1)/(-2))/(2/20). Let a(t) = 5*t - 15. Let h be a(z). What is the greatest common divisor of 2 and h?
2
Let u be (-24)/(-2)*(0 - -6). Calculate the greatest common divisor of u and 96.
24
Suppose 88*f = 90*f. Let w(r) = -2*r**2 + 2*r + 11. Let k be w(f). What is the highest common divisor of k and 132?
11
Suppose -4*m + 4*q - 56 = 0, m - 4*q + 47 = -2*m. Let l be (-536)/(-18) - (20/m + 2). Calculate the greatest common factor of 105 and l.
15
Suppose 3*p - 19 = -3*i - 2*p, 2*i - 3*p - 38 = 0. Let d = i + -14. Let o be ((-720)/27)/(d/6). Calculate the highest common divisor of 20 and o.
20
Let r(z) = 2*z**2 + z - 1. Let d be r(1). Suppose -d*i = -38 - 50. What is the highest common divisor of i and 11?
11
Sup